692465467 composite?
True
Is 828492817 a composite number?
False
Is 54701237 a prime number?
True
Is 24672225043 prime?
False
Is 80244629743 a prime number?
True
Is 17759739209 prime?
False
Is 47504219606 a composite number?
True
Is 686476211 composite?
True
Is 648879629 prime?
False
Is 1069177495 prime?
False
Is 13299410479 a composite number?
False
Is 4474552253 a prime number?
False
Is 66960993131 prime?
False
Is 155090063 prime?
True
Is 20639805479 composite?
False
Is 1464763217 a composite number?
False
Is 14388828581 composite?
False
Is 14084521747 a prime number?
False
Is 1586733473 a composite number?
True
Is 2227424579 prime?
False
Is 887579621 composite?
True
Is 6599985649 a prime number?
False
Is 2515451957 a composite number?
False
Is 390122431 prime?
True
Is 610124227 prime?
True
Is 3869305123 composite?
False
Is 746949013 composite?
False
Is 224442781 prime?
False
Is 3090232907 a prime number?
True
Is 15738229049 a composite number?
False
Is 10549822031 a composite number?
True
Is 578893682377 a composite number?
True
Is 759873139 a composite number?
False
Is 47973 composite?
True
Is 1517645027 a composite number?
False
Is 1110065903 composite?
False
Is 3664360027 a prime number?
True
Is 2348751073 prime?
True
Is 77811305333 composite?
False
Is 12948636821 a composite number?
False
Is 9291194629 prime?
True
Is 811167521 composite?
True
Is 521560199 a prime number?
False
Is 17881886773 composite?
False
Is 12751544957 prime?
True
Is 37749037 a composite number?
True
Is 351489791 prime?
True
Is 862616221 prime?
True
Is 106655291059 composite?
True
Is 407653343 a prime number?
True
Is 11567062543 composite?
False
Is 72329042173 a composite number?
False
Is 17130632894 composite?
True
Is 8720204041 composite?
False
Is 1890803471 a prime number?
True
Is 35332213979 a prime number?
False
Is 225611429 prime?
False
Is 295510421 a composite number?
False
Is 24022596635 a composite number?
True
Is 11264162291 prime?
False
Is 497952947 a composite number?
False
Is 47064381407 a composite number?
False
Is 65489163703 composite?
False
Is 13656265807 prime?
False
Is 2986251629 a prime number?
True
Is 3831068771 a composite number?
True
Is 77193267181 a composite number?
True
Is 20416456531 a composite number?
False
Is 164156791 a prime number?
False
Is 30652324151 a prime number?
False
Is 12173862449 composite?
True
Is 215889421 a prime number?
False
Is 713152229 a composite number?
True
Is 2522476543 a prime number?
True
Is 3944313601 prime?
True
Is 387807289 a composite number?
False
Is 36255695285 prime?
False
Is 36667109503 a composite number?
False
Is 2890946103 a prime number?
False
Is 108130212371 prime?
False
Is 243335069 prime?
True
Is 3337388213 composite?
True
Is 258330269 a composite number?
False
Is 42770244857 prime?
True
Is 112880489411 a prime number?
True
Is 83511638387 a prime number?
True
Is 2036658853 prime?
True
Is 20233823921 prime?
True
Is 9523371443 composite?
False
Is 20301369839 composite?
False
Is 877081679 prime?
False
Is 453509921 prime?
True
Is 11442021323 a composite number?
False
Is 289699057 composite?
True
Is 66880756727 a composite number?
False
Is 3628075433 composite?
False
Is 59304990967 composite?
True
Is 20843471681 a prime number?
True
Is 166329473 prime?
False
Is 339008399 composite?
True
Is 42841490743 composite?
False
Is 833280361 prime?
False
Is 834388501 a composite number?
False
Is 1112732437 prime?
True
Is 82447844441 composite?
False
Is 136006657 a prime number?
True
Is 16563477539 prime?
False
Is 32138204977 prime?
True
Is 2031480571 a prime number?
False
Is 8791550689 prime?
True
Is 235054543 composite?
False
Is 1025279 a prime number?
True
Is 12734633237 a prime number?
True
Is 393354121 prime?
False
Is 90264683 prime?
True
Is 1223627521 a prime number?
True
Is 137277505 a composite number?
True
Is 136865764943 a composite number?
False
Is 1226823337 prime?
False
Is 1839028391 a prime number?
False
Is 1991872803 composite?
True
Is 42637019 a prime number?
True
Is 2058417133 a prime number?
True
Is 862941763 prime?
False
Is 3606781807 prime?
True
Is 406080548061 composite?
True
Is 1894881101 a composite number?
False
Is 1453031623 a prime number?
False
Is 4233696391 composite?
True
Is 3186702991 prime?
False
Is 56693752339 prime?
False
Is 3339199277 prime?
False
Is 35429867839 prime?
False
Is 5759726683 a composite number?
True
Is 172871791 prime?
True
Is 29886261367 prime?
False
Is 70881273481 a prime number?
True
Is 19330531739 a prime number?
True
Is 35718349 a composite number?
True
Is 534799393 a composite number?
False
Is 25353554531 a composite number?
True
Is 7550005753 composite?
False
Is 4648183 prime?
True
Is 488957633 a composite number?
False
Is 154094243 a composite number?
True
Is 7473185717 a prime number?
False
Is 899382493 a prime number?
False
Is 912667279 a composite number?
False
Is 9746763851 composite?
True
Is 11673414469 a prime number?
True
Is 614566567 prime?
True
Is 2547136073 a prime number?
True
Is 8896879171 a prime number?
False
Is 64029969527 prime?
True
Is 2311551661 composite?
False
Is 564892733999 prime?
False
Is 500551789 a prime number?
False
Is 85715491541 prime?
True
Is 36148808669 a composite number?
False
Is 112932263 prime?
True
Is 1714789601 prime?
False
Is 28938660019 a composite number?
True
Is 110965194003 a composite number?
True
Is 345250027 a composite number?
True
Is 5823953801 a composite number?
True
Is 89713378487 a prime number?
True
Is 4561718411 a composite number?
False
Is 62209132961 composite?
False
Is 41682506203 composite?
True
Is 414081617 prime?
True
Is 52789790483 a prime number?
False
Is 33330421 composite?
True
Is 2083536877 composite?
True
Is 4042394269 a composite number?
False
Is 471451223 a prime number?
False
Is 1494571313 prime?
True
Is 3122937247 composite?
True
Is 43878846619 a prime number?
True
Is 997343911 a prime number?
False
Is 1340932487 prime?
True
Is 6559758881 prime?
False
Is 365384897 prime?
True
Is 25011268423 a composite number?
False
Is 57356690539 composite?
True
Is 24218844287 a prime number?
False
Is 26208897241 a prime number?
True
Is 2475193919 composite?
True
Is 9977087423 a composite number?
True
Is 72400543051 prime?
False
Is 8810434337 a prime number?
False
Is 32757983317 a composite number?
True
Is 32861437691 a prime number?
True
Is 6710412497 a prime number?
True
Is 1567351133 a prime number?
True
Is 6478582499 prime?
True
Is 45565383841 a prime number?
True
Is 89428894361 a composite number?
False
Is 111175873 a composite number?
False
Is 2019005579 composite?
True
Is 1907763073 composite?
False
Is 14747010517 a prime number?
True
Is 2825996807 a prime number?
True
Is 5332355399 composite?
True
Is 8164191058 composite?
True
Is 20921855029 prime?
True
Is 47399389 prime?
False
Is 8548525061 a prime number?
True
Is 140600895817 composite?
False
Is 297103749697 a composite number?
False
Is 2222373667 composite?
False
Is 217921171 composite?
True
Is 32421662617 a composite number?
True
Is 2255521154 a composite number?
True
Is 76045386811 a composite number?
False
Is 749864701 composite?
True
Is 8508384149 composite?
False
Is 215617063 a prime number?
True
Is 2624578301 prime?
False
Is 60538369013 composite?
False
Is 4717647943 composite?
False
Is 6942593299 a prime number?
False
Is 157112541057 a composite number?
True
Is 5334933517 a prime number?
False
Is 28878650321 a composite number?
True
Is 5345485547 a prime number?
True
Is 2549448137 prime?
True
Is 3253132991 a prime number?
True
Is 403980739 a prime number?
True
Is 53588237 prime?
False
Is 612640451 composite?
False
Is 3007382321 prime?
True
Is 46671078653 a prime number?
False
Is 2803434913 prime?
True
Is 1314843109 a prime number?
True
Is 56567250629 a prime number?
True
Is 8979237257 composite?
True
Is 10679265211 composite?
True
Is 3539602489 prime?
True
Is 1956932137 a composite number?
False
Is 3917655193 a prime number?
False
Is 368806421 composite?
True
Is 678625245055 composite?
True
Is 1984389971 a composite number?
False
Is 495715217 a prime number?
True
Is 28002869347 prime?
True
Is 3039004883 composite?
True
Is 1132600397 a prime number?
True
Is 149967767 prime?
True
Is 17465489903 a prime number?
False
Is 5879187827 compo